{"id":32,"date":"2015-01-21T13:11:32","date_gmt":"2015-01-21T13:11:32","guid":{"rendered":"http:\/\/brainproducts.org\/?page_id=32"},"modified":"2024-06-23T09:11:25","modified_gmt":"2024-06-23T09:11:25","slug":"startseite","status":"publish","type":"page","link":"https:\/\/brainproducts.org\/","title":{"rendered":"Herzlich willkommen im zu Hause des B\u00fcromat Deluxe"},"content":{"rendered":"\n<h3 class=\"wp-block-heading\">Die etwas andere Automatisierungs<strong> <\/strong>Software <\/h3>\n\n\n\n<figure class=\"wp-block-table is-style-regular\"><table style=\"border-width: 0px;\"><tbody><tr><td style=\"border-width: 0px;\">&nbsp;&nbsp;&nbsp;&nbsp;&nbsp;&nbsp;&nbsp;&nbsp;&nbsp;&nbsp;&nbsp;&nbsp;&nbsp;&nbsp;&nbsp;&nbsp;&nbsp;&nbsp;&nbsp;&nbsp;&nbsp;&nbsp;&nbsp;&nbsp;&nbsp;&nbsp;&nbsp;&nbsp;&nbsp;&nbsp;&nbsp;&nbsp;&nbsp;&nbsp;&nbsp;&nbsp;&nbsp;&nbsp;&nbsp;&nbsp;&nbsp;&nbsp;&nbsp;&nbsp;&nbsp;&nbsp;&nbsp;&nbsp;&nbsp;&nbsp;&nbsp;&nbsp;&nbsp;&nbsp;&nbsp;&nbsp;&nbsp;&nbsp;&nbsp;&nbsp;&nbsp;&nbsp;&nbsp;&nbsp;&nbsp;&nbsp;&nbsp;&nbsp;&nbsp;&nbsp;&nbsp;&nbsp;&nbsp;&nbsp;                    <br>\n\t\t<!-- MasterSlider -->\n\t\t<div id=\"P_MS6677e7b6102b9\" class=\"master-slider-parent msl ms-parent-id-1\" style=\"max-width:600px;\">\n\n\t\t\t\n\t\t\t<!-- MasterSlider Main -->\n\t\t\t<div id=\"MS6677e7b6102b9\" class=\"master-slider ms-skin-light-3\" >\n\t\t\t\t \t\t\t\t \n\t\t\t\t<div  class=\"ms-slide\" data-delay=\"3\" data-fill-mode=\"fill\"  >\n\t\t\t\t\t<img src=\"https:\/\/brainproducts.org\/wp-content\/plugins\/master-slider\/public\/assets\/css\/blank.gif\" alt=\"\" title=\"\" data-src=\"https:\/\/brainproducts.org\/wp-content\/uploads\/Bild_2024-06-02_175348799.png\" \/>\n\n\n\t<div class=\"ms-thumb\" ><div class=\"ms-tab-context\"><div class=&quot;ms-tab-context&quot;><\/div><\/div>\n<\/div>\n\t\t\t\t<\/div>\n\t\t\t\t<div  class=\"ms-slide\" data-delay=\"3\" data-fill-mode=\"fit\"  >\n\t\t\t\t\t<img src=\"https:\/\/brainproducts.org\/wp-content\/plugins\/master-slider\/public\/assets\/css\/blank.gif\" alt=\"\" title=\"\" data-src=\"https:\/\/brainproducts.org\/wp-content\/uploads\/Startbild_5.jpg\" \/>\n\n\n\t<div class=\"ms-thumb\" ><div class=\"ms-tab-context\"><div class=&quot;ms-tab-context&quot;><\/div><\/div>\n<\/div>\n\t<a href=\"https:\/\/www.brainproducts.org\/\/videos\/Start_BD2.mp4\" data-type=\"video\"><\/a>\n\t\t\t\t<\/div>\n\t\t\t\t<div  class=\"ms-slide\" data-delay=\"3\" data-fill-mode=\"fill\"  >\n\t\t\t\t\t<img src=\"https:\/\/brainproducts.org\/wp-content\/plugins\/master-slider\/public\/assets\/css\/blank.gif\" alt=\"\" title=\"\" data-src=\"https:\/\/brainproducts.org\/wp-content\/uploads\/Startbild_4.jpg\" \/>\n\n\n\t<div class=\"ms-thumb\" ><div class=\"ms-tab-context\"><div class=&quot;ms-tab-context&quot;><\/div><\/div>\n<\/div>\n\t\t\t\t<\/div>\n\t\t\t\t<div  class=\"ms-slide\" data-delay=\"3\" data-fill-mode=\"fill\"  >\n\t\t\t\t\t<img src=\"https:\/\/brainproducts.org\/wp-content\/plugins\/master-slider\/public\/assets\/css\/blank.gif\" alt=\"\" title=\"\" data-src=\"https:\/\/brainproducts.org\/wp-content\/uploads\/Bild_2024-06-02_180836338.png\" \/>\n\n\n\t<div class=\"ms-thumb\" ><div class=\"ms-tab-context\"><div class=&quot;ms-tab-context&quot;><\/div><\/div>\n<\/div>\n\t\t\t\t<\/div>\n\t\t\t\t<div  class=\"ms-slide\" data-delay=\"3\" data-fill-mode=\"fit\"  >\n\t\t\t\t\t<img src=\"https:\/\/brainproducts.org\/wp-content\/plugins\/master-slider\/public\/assets\/css\/blank.gif\" alt=\"\" title=\"\" data-src=\"https:\/\/brainproducts.org\/wp-content\/uploads\/Startbild_3.jpg\" \/>\n\n\n\t<div class=\"ms-thumb\" ><div class=\"ms-tab-context\"><div class=&quot;ms-tab-context&quot;><\/div><\/div>\n<\/div>\n\t\t\t\t<\/div>\n\t\t\t\t<div  class=\"ms-slide\" data-delay=\"3\" data-fill-mode=\"fill\"  >\n\t\t\t\t\t<img src=\"https:\/\/brainproducts.org\/wp-content\/plugins\/master-slider\/public\/assets\/css\/blank.gif\" alt=\"\" title=\"\" data-src=\"https:\/\/brainproducts.org\/wp-content\/uploads\/Bild_2024-06-02_175348799.png\" \/>\n\n\n\t<div class=\"ms-thumb\" ><div class=\"ms-tab-context\"><div class=&quot;ms-tab-context&quot;><\/div><\/div>\n<\/div>\n\t\t\t\t<\/div>\n\t\t\t\t<div  class=\"ms-slide\" data-delay=\"3\" data-fill-mode=\"fit\"  >\n\t\t\t\t\t<img src=\"https:\/\/brainproducts.org\/wp-content\/plugins\/master-slider\/public\/assets\/css\/blank.gif\" alt=\"\" title=\"\" data-src=\"https:\/\/brainproducts.org\/wp-content\/uploads\/Startbild_2.jpg\" \/>\n\n\n\t<div class=\"ms-thumb\" ><div class=\"ms-tab-context\"><div class=&quot;ms-tab-context&quot;><\/div><\/div>\n<\/div>\n\t\t\t\t<\/div>\n\t\t\t\t<div  class=\"ms-slide\" data-delay=\"3\" data-fill-mode=\"fit\"  >\n\t\t\t\t\t<img src=\"https:\/\/brainproducts.org\/wp-content\/plugins\/master-slider\/public\/assets\/css\/blank.gif\" alt=\"\" title=\"\" data-src=\"https:\/\/brainproducts.org\/wp-content\/uploads\/Startbild_1.jpg\" \/>\n\n\n\t<div class=\"ms-thumb\" ><div class=\"ms-tab-context\"><div class=&quot;ms-tab-context&quot;><\/div><\/div>\n<\/div>\n\t\t\t\t<\/div>\n\t\t\t\t<div  class=\"ms-slide\" data-delay=\"3\" data-fill-mode=\"fill\"  >\n\t\t\t\t\t<img src=\"https:\/\/brainproducts.org\/wp-content\/plugins\/master-slider\/public\/assets\/css\/blank.gif\" alt=\"\" title=\"\" data-src=\"https:\/\/brainproducts.org\/wp-content\/uploads\/Bild_2024-06-02_181034563.png\" \/>\n\n\n\t<div class=\"ms-thumb\" ><div class=\"ms-tab-context\"><div class=&quot;ms-tab-context&quot;><\/div><\/div>\n<\/div>\n\t\t\t\t<\/div>\n\n\t\t\t<\/div>\n\t\t\t<!-- END MasterSlider Main -->\n\n\t\t\t \n\t\t<\/div>\n\t\t<!-- END MasterSlider -->\n\n\t\t<script>\n\t\t(function ( $ ) {\n\t\t\t\"use strict\";\n\n\t\t\t$(function () {\n\t\t\t\tvar masterslider_02b9 = new MasterSlider();\n\n\t\t\t\t\/\/ slider controls\n\n\t\t\t\t\/\/ slider setup\n\t\t\t\tmasterslider_02b9.setup(\"MS6677e7b6102b9\", {\n\t\t\t\t\t\twidth           : 600,\n\t\t\t\t\t\theight          : 440,\n\t\t\t\t\t\tminHeight       : 0,\n\t\t\t\t\t\tspace           : 0,\n\t\t\t\t\t\tstart           : 1,\n\t\t\t\t\t\tgrabCursor      : true,\n\t\t\t\t\t\tswipe           : true,\n\t\t\t\t\t\tmouse           : true,\n\t\t\t\t\t\tlayout          : \"boxed\",\n\t\t\t\t\t\twheel           : false,\n\t\t\t\t\t\tautoplay        : true,\n\t\t\t\t\t\tinstantStartLayers:false,\n\t\t\t\t\t\tloop            : true,\n\t\t\t\t\t\tshuffle         : false,\n\t\t\t\t\t\tpreload         : 0,\n\t\t\t\t\t\theightLimit     : true,\n\t\t\t\t\t\tautoHeight      : false,\n\t\t\t\t\t\tsmoothHeight    : true,\n\t\t\t\t\t\tendPause        : false,\n\t\t\t\t\t\toverPause       : false,\n\t\t\t\t\t\tfillMode        : \"fill\",\n\t\t\t\t\t\tcenterControls  : true,\n\t\t\t\t\t\tstartOnAppear   : true,\n\t\t\t\t\t\tlayersMode      : \"center\",\n\t\t\t\t\t\thideLayers      : false,\n\t\t\t\t\t\tfullscreenMargin: 0,\n\t\t\t\t\t\tspeed           : 20,\n\t\t\t\t\t\tdir             : \"v\",\n\t\t\t\t\t\tparallaxMode    : 'swipe',\n\t\t\t\t\t\tview            : \"fade\"\n\t\t\t\t});\n\n\t\t\t\t\n\t\t\t\twindow.masterslider_instances = window.masterslider_instances || [];\n\t\t\t\twindow.masterslider_instances.push( masterslider_02b9 );\n\t\t\t });\n\n\t\t})(jQuery);\n\t\t<\/script>\n\n<\/td><td>&nbsp;<br><strong>Seit \u00fcber 25 Jahren helfen wir Unternehmen Ihre EDV W\u00fcnsche in die Realit\u00e4t zu bringen.<\/strong><br>&nbsp;<br>Wir sind spezialisiert auf individuelle <strong>Datenbanken und Datenschnittstellen<\/strong> f\u00fcr die Systeme der Kunden.<br>&nbsp;<br>Gerne entwickeln wir neue <strong>IT Konzepte <\/strong>mit Ihnen und finden L\u00f6sungen f\u00fcr Ihren Wunsch nach <strong>Optimierung<\/strong>.<br><br>Die <strong>Erleichterung Ihres B\u00fcroalltages<\/strong> ist unser Ziel.<br>&nbsp;&nbsp;<br><\/td><\/tr><\/tbody><\/table><figcaption class=\"wp-element-caption\">&nbsp;&nbsp;&nbsp;&nbsp;&nbsp;&nbsp;&nbsp;&nbsp;&nbsp;&nbsp;&nbsp;&nbsp;<\/figcaption><\/figure>\n\n\n\n<h3 class=\"wp-block-heading\">Warum B\u00fcromat Deluxe?<\/h3>\n\n\n\n<p>Haben Sie sich schon einmal gefragt, warum Sie oder Ihre Mitarbeiter jede Woche dasselbe machen m\u00fcssen?<br>Warum immer die &#8222;gleichen&#8220; Emails schreiben, die &#8222;gleichen&#8220; w\u00f6chentlichen Lieferscheine verschicken, wiederkehrende Rechnungen manuell erstellen oder \u00fcbermittelte Excel Daten im Life ERP System eintragen?<\/p>\n\n\n\n<p>Wozu d\u00fcrfen immer, wenn neue Daten kommen, die &#8222;gleichen&#8220; Kontrollen von Ihren Mitarbeitern oder Kollegen durchgef\u00fchrt werden?<\/p>\n\n\n\n<p>Warum werden jeden Monat die &#8222;gleichen&#8220; Excel Listen als Abschluss erstellt und die &#8222;selben&#8220; Berechnungen durchgef\u00fchrt?<\/p>\n\n\n\n<p>W\u00e4ren Sie gerne schneller \u00fcber Ver\u00e4nderungen der <strong>Management Indizes<\/strong> informiert?<\/p>\n\n\n\n<p>&nbsp;<\/p>\n\n\n\n<p>Unsere Software <a href=\"http:\/\/brainproducts.org\/?page_id=370\"><strong>B\u00fcromat Deluxe<\/strong><\/a> kann auch Ihr <strong>Unternehmen im B\u00fcrobereich st\u00e4rker automatisieren<\/strong>. <\/p>\n\n\n\n<p><strong>Welche <a href=\"https:\/\/brainproducts.org\/?page_id=376\">Vorteile <\/a>hat der B\u00fcromat Deluxe?<\/strong><\/p>\n\n\n\n<p><strong><a href=\"https:\/\/brainproducts.org\/?page_id=757\">F\u00fcr wen<\/a> ist der B\u00fcromat Deluxe?<\/strong><br><\/p>\n\n\n\n<h2 class=\"wp-block-heading\"> <\/h2>\n\n\n\n<div class=\"wp-block-media-text is-stacked-on-mobile\" style=\"grid-template-columns:38% auto\"><figure class=\"wp-block-media-text__media\"><img decoding=\"async\" loading=\"lazy\" width=\"1074\" height=\"670\" src=\"http:\/\/brainproducts.org\/wp-content\/uploads\/Bild_2024-06-02_181034563.png\" alt=\"\" class=\"wp-image-712 size-full\" srcset=\"https:\/\/brainproducts.org\/wp-content\/uploads\/Bild_2024-06-02_181034563.png 1074w, https:\/\/brainproducts.org\/wp-content\/uploads\/Bild_2024-06-02_181034563-900x561.png 900w, https:\/\/brainproducts.org\/wp-content\/uploads\/Bild_2024-06-02_181034563-768x479.png 768w, https:\/\/brainproducts.org\/wp-content\/uploads\/Bild_2024-06-02_181034563-972x606.png 972w\" sizes=\"(max-width: 1074px) 100vw, 1074px\" \/><\/figure><div class=\"wp-block-media-text__content\">\n<h2 class=\"wp-block-heading\"><strong>Es gibt nicht nur &#8222;Industrie 4.0&#8220;: <\/strong><br><strong>Es gibt auch &#8222;Office 4.0&#8220;.<\/strong><\/h2>\n\n\n\n<p><\/p>\n<\/div><\/div>\n\n\n\n<h4 class=\"wp-block-heading\">Kommen Sie mit in die neue Welt von Office 4.0 und automatisieren Sie Ihren B\u00fcro Alltag.<\/h4>\n\n\n\n<p>&nbsp;<\/p>\n\n\n\n<p class=\"has-text-align-left\"><\/p>\n\n\n\n<h3 class=\"wp-block-heading\">Wir beraten und unterst\u00fctzen Unternehmen in unterschiedlichen Bereichen:<\/h3>\n\n\n\n<ul>\n<li>Planung und Implementierung eines <a href=\"https:\/\/brainproducts.org\/?page_id=370\"><strong>B\u00fcromat <\/strong><\/a><strong>Projektes<\/strong> in Ihrem Hause<\/li>\n\n\n\n<li>Implementierung von <strong>Datenschnittstellen<\/strong> f\u00fcr Datenaustausch mit anderen Unternehmen <br>(<a href=\"https:\/\/brainproducts.org\/?page_id=504\">Export <\/a>und <a href=\"https:\/\/brainproducts.org\/?page_id=730\">Import<\/a>)<\/li>\n\n\n\n<li>Planung, Management und Optimierung Ihrer <strong>Softwareprojekte<\/strong> und <strong>Datenbanken<\/strong> (<a href=\"https:\/\/brainproducts.org\/?page_id=40\">Consulting<\/a>)<\/li>\n\n\n\n<li>Umsetzung von individuellen <strong>Softwarel\u00f6sungen<\/strong> mit dem <strong><a href=\"http:\/\/brainproducts.org\/?page_id=370\">B\u00fcromat <\/a><\/strong>(<a href=\"https:\/\/brainproducts.org\/?page_id=54\">Programmierung<\/a>)<\/li>\n\n\n\n<li>Organisation und Optimierung von <strong>IT-Abl\u00e4ufen<\/strong> (<a href=\"https:\/\/brainproducts.org\/?page_id=40\">Consulting<\/a>)<\/li>\n\n\n\n<li>Beratung f\u00fcr<strong> IT-Entscheidungen<\/strong> (<a href=\"https:\/\/brainproducts.org\/?page_id=40\">Consulting<\/a>)<\/li>\n\n\n\n<li><a href=\"https:\/\/brainproducts.org\/?page_id=30\">Schulungen <\/a>f\u00fcr Sie und Ihr Team <\/li>\n<\/ul>\n\n\n\n<p>   <\/p>\n\n\n\n<p>Gerne arbeiten wir auch mit externer Unterst\u00fctzung von Partnern unseres Netzwerkes f\u00fcr Sie im Team. Die gute Zusammenarbeit mit Ihrer internen EDV-Abteilung oder mit Ihrem IT-Ansprechpartner liegt uns am Herzen.<\/p>\n\n\n\n<p>   &nbsp;&nbsp;&nbsp;&nbsp;&nbsp;&nbsp;<\/p>\n\n\n\n<p>&nbsp;&nbsp;&nbsp;&nbsp;&nbsp;&nbsp;&nbsp;<\/p>\n\n\n\n<div class=\"wp-block-columns is-layout-flex wp-container-2 wp-block-columns-is-layout-flex\">\n<div class=\"wp-block-column is-layout-flow wp-block-column-is-layout-flow\" style=\"flex-basis:100%\">\n<p>  &nbsp;&nbsp;&nbsp;&nbsp;<\/p>\n<\/div>\n<\/div>\n\n\n\n<p><strong>Es ist uns wichtig Dienstleistungen abzugeben, mit denen Sie zufrieden sind. <br>Auf Wunsch gebe wir Ihnen gerne n\u00e4here Informationen \u00fcber <a href=\"https:\/\/brainproducts.org\/?page_id=69\">bereits realisierte Projekte<\/a>.<\/strong><\/p>\n\n\n\n<hr class=\"wp-block-separator has-alpha-channel-opacity\"\/>\n\n\n\n<p><a href=\"https:\/\/brainproducts.org\/?page_id=60\">Kontaktieren<\/a> Sie uns via E-Mail, wir beraten Sie gerne. ( <a title=\"Kontakt zu Brain Products \u00fcber die Webseite\" href=\"mailto:ORadel@BrainProducts.org\">ORadel@BrainProducts.org<\/a> )<\/p>\n\n\n<div class=\"wp-block-image\">\n<figure class=\"alignright size-full\"><img decoding=\"async\" loading=\"lazy\" width=\"218\" height=\"292\" src=\"http:\/\/brainproducts.org\/wp-content\/uploads\/Corp.jpg\" alt=\"\" class=\"wp-image-233\"\/><\/figure><\/div>\n\n\n<figure class=\"wp-block-image size-full is-resized\"><img decoding=\"async\" loading=\"lazy\" width=\"512\" height=\"512\" src=\"http:\/\/brainproducts.org\/wp-content\/uploads\/cropped-Bueromat-Deluxe-Logo-Entwicklung.png\" alt=\"\" class=\"wp-image-218\" style=\"aspect-ratio:1;width:80px;height:auto\" srcset=\"https:\/\/brainproducts.org\/wp-content\/uploads\/cropped-Bueromat-Deluxe-Logo-Entwicklung.png 512w, https:\/\/brainproducts.org\/wp-content\/uploads\/cropped-Bueromat-Deluxe-Logo-Entwicklung-120x120.png 120w, https:\/\/brainproducts.org\/wp-content\/uploads\/cropped-Bueromat-Deluxe-Logo-Entwicklung-270x270.png 270w, https:\/\/brainproducts.org\/wp-content\/uploads\/cropped-Bueromat-Deluxe-Logo-Entwicklung-192x192.png 192w, https:\/\/brainproducts.org\/wp-content\/uploads\/cropped-Bueromat-Deluxe-Logo-Entwicklung-180x180.png 180w, https:\/\/brainproducts.org\/wp-content\/uploads\/cropped-Bueromat-Deluxe-Logo-Entwicklung-32x32.png 32w\" sizes=\"(max-width: 512px) 100vw, 512px\" \/><\/figure>\n","protected":false},"excerpt":{"rendered":"<p>Die etwas andere Automatisierungs Software &nbsp;&nbsp;&nbsp;&nbsp;&nbsp;&nbsp;&nbsp;&nbsp;&nbsp;&nbsp;&nbsp;&nbsp;&nbsp;&nbsp;&nbsp;&nbsp;&nbsp;&nbsp;&nbsp;&nbsp;&nbsp;&nbsp;&nbsp;&nbsp;&nbsp;&nbsp;&nbsp;&nbsp;&nbsp;&nbsp;&nbsp;&nbsp;&nbsp;&nbsp;&nbsp;&nbsp;&nbsp;&nbsp;&nbsp;&nbsp;&nbsp;&nbsp;&nbsp;&nbsp;&nbsp;&nbsp;&nbsp;&nbsp;&nbsp;&nbsp;&nbsp;&nbsp;&nbsp;&nbsp;&nbsp;&nbsp;&nbsp;&nbsp;&nbsp;&nbsp;&nbsp;&nbsp;&nbsp;&nbsp;&nbsp;&nbsp;&nbsp;&nbsp;&nbsp;&nbsp;&nbsp;&nbsp;&nbsp;&nbsp; &nbsp;Seit \u00fcber 25 Jahren helfen wir Unternehmen Ihre EDV W\u00fcnsche in die Realit\u00e4t zu bringen.&nbsp;Wir sind spezialisiert auf individuelle Datenbanken und Datenschnittstellen f\u00fcr die Systeme der Kunden.&nbsp;Gerne entwickeln wir neue IT Konzepte mit Ihnen und finden L\u00f6sungen f\u00fcr Ihren Wunsch nach Optimierung. Die Erleichterung Ihres B\u00fcroalltages ist unser Ziel.&nbsp;&nbsp; &nbsp;&nbsp;&nbsp;&nbsp;&nbsp;&nbsp;&nbsp;&nbsp;&nbsp;&nbsp;&nbsp;&nbsp; Warum B\u00fcromat Deluxe? Haben&#8230;<br \/><a class=\"read-more-button\" href=\"https:\/\/brainproducts.org\/\">Mehr Lesen<\/a><\/p>\n","protected":false},"author":1,"featured_media":0,"parent":0,"menu_order":0,"comment_status":"closed","ping_status":"closed","template":"template-full-width.php","meta":{"footnotes":""},"_links":{"self":[{"href":"https:\/\/brainproducts.org\/index.php?rest_route=\/wp\/v2\/pages\/32"}],"collection":[{"href":"https:\/\/brainproducts.org\/index.php?rest_route=\/wp\/v2\/pages"}],"about":[{"href":"https:\/\/brainproducts.org\/index.php?rest_route=\/wp\/v2\/types\/page"}],"author":[{"embeddable":true,"href":"https:\/\/brainproducts.org\/index.php?rest_route=\/wp\/v2\/users\/1"}],"replies":[{"embeddable":true,"href":"https:\/\/brainproducts.org\/index.php?rest_route=%2Fwp%2Fv2%2Fcomments&post=32"}],"version-history":[{"count":59,"href":"https:\/\/brainproducts.org\/index.php?rest_route=\/wp\/v2\/pages\/32\/revisions"}],"predecessor-version":[{"id":875,"href":"https:\/\/brainproducts.org\/index.php?rest_route=\/wp\/v2\/pages\/32\/revisions\/875"}],"wp:attachment":[{"href":"https:\/\/brainproducts.org\/index.php?rest_route=%2Fwp%2Fv2%2Fmedia&parent=32"}],"curies":[{"name":"wp","href":"https:\/\/api.w.org\/{rel}","templated":true}]}}