{"id":370,"date":"2023-11-09T22:05:42","date_gmt":"2023-11-09T22:05:42","guid":{"rendered":"https:\/\/brainproducts.org\/?page_id=370"},"modified":"2024-06-23T11:21:31","modified_gmt":"2024-06-23T11:21:31","slug":"was-ist-der-bueromat","status":"publish","type":"page","link":"https:\/\/brainproducts.org\/?page_id=370","title":{"rendered":"Was ist der B\u00fcromat Deluxe?"},"content":{"rendered":"\n<p>  <\/p>\n\n\n\n<h3 class=\"wp-block-heading\"><strong>Kurze Erl\u00e4uterung zur unserer Automatisierungs Software<\/strong><\/h3>\n\n\n\n<figure class=\"wp-block-table is-style-regular\"><table  style=\"border-width: 0px;\"><tbody><tr><td  style=\"border-width: 0px;\">&nbsp;&nbsp;&nbsp;&nbsp;&nbsp;&nbsp;&nbsp;&nbsp;&nbsp;&nbsp;&nbsp;&nbsp;&nbsp;&nbsp;&nbsp;&nbsp;&nbsp;&nbsp;&nbsp;&nbsp;&nbsp;&nbsp;&nbsp;&nbsp;&nbsp;&nbsp;&nbsp;&nbsp;&nbsp;&nbsp;&nbsp;&nbsp;&nbsp;&nbsp;&nbsp;&nbsp;&nbsp;&nbsp;&nbsp;&nbsp;&nbsp;&nbsp;&nbsp;&nbsp;&nbsp;&nbsp;&nbsp;&nbsp;&nbsp;&nbsp;&nbsp;&nbsp;&nbsp;&nbsp;&nbsp;&nbsp;&nbsp;&nbsp;&nbsp;&nbsp;&nbsp;&nbsp;                  <br>\n\t\t<!-- MasterSlider -->\n\t\t<div id=\"P_MS665c490d4defd\" class=\"master-slider-parent msl ms-parent-id-3\" style=\"max-width:450px;\">\n\n\t\t\t\n\t\t\t<!-- MasterSlider Main -->\n\t\t\t<div id=\"MS665c490d4defd\" class=\"master-slider ms-skin-light-3\" >\n\t\t\t\t \t\t\t\t \n\t\t\t\t<div  class=\"ms-slide\" data-delay=\"3\" data-fill-mode=\"fill\"  >\n\t\t\t\t\t<img src=\"https:\/\/brainproducts.org\/wp-content\/plugins\/master-slider\/public\/assets\/css\/blank.gif\" alt=\"\" title=\"\" data-src=\"https:\/\/brainproducts.org\/wp-content\/uploads\/Bild_2024-06-02_101255016.png\" \/>\n\n\n\t<div class=\"ms-thumb\" ><div class=\"ms-tab-context\"><div class=&quot;ms-tab-context&quot;><\/div><\/div>\n<\/div>\n\t\t\t\t<\/div>\n\t\t\t\t<div  class=\"ms-slide\" data-delay=\"3\" data-fill-mode=\"fill\"  >\n\t\t\t\t\t<img src=\"https:\/\/brainproducts.org\/wp-content\/plugins\/master-slider\/public\/assets\/css\/blank.gif\" alt=\"\" title=\"\" data-src=\"https:\/\/brainproducts.org\/wp-content\/uploads\/Bild_2024-06-02_101038236.png\" \/>\n\n\n\t<div class=\"ms-thumb\" ><div class=\"ms-tab-context\"><div class=&quot;ms-tab-context&quot;><\/div><\/div>\n<\/div>\n\t\t\t\t<\/div>\n\t\t\t\t<div  class=\"ms-slide\" data-delay=\"3\" data-fill-mode=\"fill\"  >\n\t\t\t\t\t<img src=\"https:\/\/brainproducts.org\/wp-content\/plugins\/master-slider\/public\/assets\/css\/blank.gif\" alt=\"\" title=\"\" data-src=\"https:\/\/brainproducts.org\/wp-content\/uploads\/Bild_2024-06-02_120638294.png\" \/>\n\n\n\t<div class=\"ms-thumb\" ><div class=\"ms-tab-context\"><div class=&quot;ms-tab-context&quot;><\/div><\/div>\n<\/div>\n\t\t\t\t<\/div>\n\t\t\t\t<div  class=\"ms-slide\" data-delay=\"3\" data-fill-mode=\"fill\"  >\n\t\t\t\t\t<img src=\"https:\/\/brainproducts.org\/wp-content\/plugins\/master-slider\/public\/assets\/css\/blank.gif\" alt=\"\" title=\"\" data-src=\"https:\/\/brainproducts.org\/wp-content\/uploads\/Bild_2024-06-02_120039979.png\" \/>\n\n\n\t<div class=\"ms-thumb\" ><div class=\"ms-tab-context\"><div class=&quot;ms-tab-context&quot;><\/div><\/div>\n<\/div>\n\t\t\t\t<\/div>\n\t\t\t\t<div  class=\"ms-slide\" data-delay=\"3\" data-fill-mode=\"fill\"  >\n\t\t\t\t\t<img src=\"https:\/\/brainproducts.org\/wp-content\/plugins\/master-slider\/public\/assets\/css\/blank.gif\" alt=\"\" title=\"\" data-src=\"https:\/\/brainproducts.org\/wp-content\/uploads\/Bild_2024-06-02_122636437.png\" \/>\n\n\n\t<div class=\"ms-thumb\" ><div class=\"ms-tab-context\"><div class=&quot;ms-tab-context&quot;><\/div><\/div>\n<\/div>\n\t\t\t\t<\/div>\n\t\t\t\t<div  class=\"ms-slide\" data-delay=\"3\" data-fill-mode=\"fill\"  >\n\t\t\t\t\t<img src=\"https:\/\/brainproducts.org\/wp-content\/plugins\/master-slider\/public\/assets\/css\/blank.gif\" alt=\"\" title=\"\" data-src=\"https:\/\/brainproducts.org\/wp-content\/uploads\/Bild_2024-06-02_115944747.png\" \/>\n\n\n\t<div class=\"ms-thumb\" ><div class=\"ms-tab-context\"><div class=&quot;ms-tab-context&quot;><\/div><\/div>\n<\/div>\n\t\t\t\t<\/div>\n\t\t\t\t<div  class=\"ms-slide\" data-delay=\"3\" data-fill-mode=\"fill\"  >\n\t\t\t\t\t<img src=\"https:\/\/brainproducts.org\/wp-content\/plugins\/master-slider\/public\/assets\/css\/blank.gif\" alt=\"\" title=\"\" data-src=\"https:\/\/brainproducts.org\/wp-content\/uploads\/Bild_2024-06-02_115804495.png\" \/>\n\n\n\t<div class=\"ms-thumb\" ><div class=\"ms-tab-context\"><div class=&quot;ms-tab-context&quot;><\/div><\/div>\n<\/div>\n\t\t\t\t<\/div>\n\t\t\t\t<div  class=\"ms-slide\" data-delay=\"3\" data-fill-mode=\"fill\"  >\n\t\t\t\t\t<img src=\"https:\/\/brainproducts.org\/wp-content\/plugins\/master-slider\/public\/assets\/css\/blank.gif\" alt=\"\" title=\"\" data-src=\"https:\/\/brainproducts.org\/wp-content\/uploads\/Bild_2024-06-02_115633605.png\" \/>\n\n\n\t<div class=\"ms-thumb\" ><div class=\"ms-tab-context\"><div class=&quot;ms-tab-context&quot;><\/div><\/div>\n<\/div>\n\t\t\t\t<\/div>\n\n\t\t\t<\/div>\n\t\t\t<!-- END MasterSlider Main -->\n\n\t\t\t \n\t\t<\/div>\n\t\t<!-- END MasterSlider -->\n\n\t\t<script>\n\t\t(function ( $ ) {\n\t\t\t\"use strict\";\n\n\t\t\t$(function () {\n\t\t\t\tvar masterslider_defd = new MasterSlider();\n\n\t\t\t\t\/\/ slider controls\n\t\t\t\tmasterslider_defd.control('arrows'     ,{ autohide:true, overVideo:true  });\n\t\t\t\t\/\/ slider setup\n\t\t\t\tmasterslider_defd.setup(\"MS665c490d4defd\", {\n\t\t\t\t\t\twidth           : 450,\n\t\t\t\t\t\theight          : 320,\n\t\t\t\t\t\tminHeight       : 0,\n\t\t\t\t\t\tspace           : 0,\n\t\t\t\t\t\tstart           : 1,\n\t\t\t\t\t\tgrabCursor      : true,\n\t\t\t\t\t\tswipe           : true,\n\t\t\t\t\t\tmouse           : true,\n\t\t\t\t\t\tlayout          : \"boxed\",\n\t\t\t\t\t\twheel           : false,\n\t\t\t\t\t\tautoplay        : true,\n\t\t\t\t\t\tinstantStartLayers:false,\n\t\t\t\t\t\tloop            : true,\n\t\t\t\t\t\tshuffle         : false,\n\t\t\t\t\t\tpreload         : 0,\n\t\t\t\t\t\theightLimit     : true,\n\t\t\t\t\t\tautoHeight      : false,\n\t\t\t\t\t\tsmoothHeight    : true,\n\t\t\t\t\t\tendPause        : false,\n\t\t\t\t\t\toverPause       : false,\n\t\t\t\t\t\tfillMode        : \"fill\",\n\t\t\t\t\t\tcenterControls  : false,\n\t\t\t\t\t\tstartOnAppear   : false,\n\t\t\t\t\t\tlayersMode      : \"center\",\n\t\t\t\t\t\thideLayers      : false,\n\t\t\t\t\t\tfullscreenMargin: 0,\n\t\t\t\t\t\tspeed           : 20,\n\t\t\t\t\t\tdir             : \"h\",\n\t\t\t\t\t\tparallaxMode    : 'swipe',\n\t\t\t\t\t\tview            : \"fade\"\n\t\t\t\t});\n\n\t\t\t\t\n\t\t\t\twindow.masterslider_instances = window.masterslider_instances || [];\n\t\t\t\twindow.masterslider_instances.push( masterslider_defd );\n\t\t\t });\n\n\t\t})(jQuery);\n\t\t<\/script>\n\n<\/td><td><br><strong>*<\/strong> Der B\u00fcromat hilft bei der <strong>Automatisierung der B\u00fcro T\u00e4tigkeiten:<br><strong>&nbsp;<\/strong>&nbsp;&nbsp;&nbsp;&nbsp;&nbsp;<\/strong>*<strong> Export <\/strong>(Lieferscheine, Rechnungen, Artikellisten etc.)<br><strong><strong>&nbsp;<\/strong>&nbsp;&nbsp;&nbsp;&nbsp;&nbsp;<\/strong>*&nbsp;<strong>Import <\/strong>(Bestellungen, Artikellisten, etc.)<strong><br><strong><strong>&nbsp;<\/strong>&nbsp;&nbsp;&nbsp;&nbsp;<\/strong>&nbsp;<\/strong>*<strong>&nbsp;Pr\u00fcfung von Daten<\/strong> und Email Report <br><strong><strong>&nbsp;<\/strong>&nbsp;&nbsp;&nbsp;&nbsp;&nbsp;<\/strong>*&nbsp;<strong>Verschickung <\/strong>von Dateien, Tabellen<br><strong>&nbsp;* <\/strong>Der B\u00fcromat ist ein <strong>Open Source<\/strong> <strong>Projekt<\/strong><br><strong>&nbsp;* <\/strong>Der B\u00fcromat kann Ihre bereits existierende pers\u00f6nliche <br>&nbsp;&nbsp;&nbsp;&nbsp;<strong>Access Datenbank<\/strong> in neuem Profi-Gewand werden<br><strong>&nbsp;*<\/strong> Der B\u00fcromat kann eine <strong>Erweiterung Ihres bisherigen ERP <br>&nbsp;&nbsp;&nbsp;&nbsp;Systems<\/strong> in Richtung Automation im B\u00fcro werden<br>&nbsp;<strong>*<\/strong> Der B\u00fcromat kann ein Gehilfe f\u00fcr wiederkehrende T\u00e4tigkeiten sein<br>&nbsp;<br><\/td><\/tr><\/tbody><\/table><figcaption class=\"wp-element-caption\">&nbsp;&nbsp;&nbsp;&nbsp;&nbsp;&nbsp;&nbsp;&nbsp;&nbsp;&nbsp;&nbsp;&nbsp;&nbsp;Bildschirmfotos B\u00fcromat Deluxe<\/figcaption><\/figure>\n\n\n\n<p>&nbsp;<\/p>\n\n\n\n<p><\/p>\n\n\n\n<p>Mit dem <strong>B\u00fcromat Deluxe<\/strong> k\u00f6nnen viele Aufgaben in Ihrem B\u00fcro vereinfacht und automatisiert werden. <br><\/p>\n\n\n\n<h3 class=\"wp-block-heading\"><strong>Diese <\/strong>Funktionalit\u00e4ten <strong>sind bereits integriert:<\/strong><\/h3>\n\n\n\n<ul>\n<li>Automatischer <strong><a href=\"https:\/\/brainproducts.org\/?page_id=730\">Import<\/a> Konverter <\/strong>(<a href=\"https:\/\/brainproducts.org\/?page_id=882\">Excel<\/a>-, <a href=\"https:\/\/brainproducts.org\/?page_id=879\">EDI<\/a>-, <a href=\"https:\/\/brainproducts.org\/?page_id=876\">CSV<\/a>&#8211; Format)<\/li>\n\n\n\n<li>Automatischer <strong><a href=\"https:\/\/brainproducts.org\/?page_id=504\">Export <\/a>Konverter<\/strong> (<a href=\"https:\/\/brainproducts.org\/?page_id=508\">Excel<\/a>-, <a href=\"https:\/\/brainproducts.org\/?page_id=511\">XML<\/a>-, <a href=\"https:\/\/brainproducts.org\/?page_id=514\">EDI<\/a>-, <a href=\"https:\/\/brainproducts.org\/?page_id=517\">CSV<\/a>-, DFQ- Format)<\/li>\n\n\n\n<li><strong>Pr\u00fcfungen der Exporte<\/strong> auf Datenqualit\u00e4t und automatische Exporte nach Wunsch stoppen oder starten<\/li>\n\n\n\n<li><strong>Automatisches Kopieren von Dateien<\/strong> ((S)FTP, Fileserver) zu gew\u00fcnschten Zeitpunkten <\/li>\n\n\n\n<li><strong>Automatisches Transferieren von Daten<\/strong> aus Tabellen zu gew\u00fcnschten Zeitpunkten <\/li>\n\n\n\n<li><strong>Email Kontrollsystem<\/strong> mit einer Pr\u00fcfung auf bestimmte Daten Ereignisse <\/li>\n\n\n\n<li>Frei konfigurierbare <strong>Men\u00fcribbons <\/strong>f\u00fcr jedes Projekt (Hauptmen\u00fcs)<\/li>\n\n\n\n<li><strong>Adaptive Fenstergr\u00f6sse<\/strong> zu Bildschirmgr\u00f6sse<\/li>\n\n\n\n<li><strong>Umzugsmanager <\/strong>f\u00fcr beteilgte Datenbanken oder Puffer DB\u00b4s<\/li>\n\n\n\n<li><strong>Report und Protokollf\u00fchrung <\/strong>und Konfiguration dieser<\/li>\n\n\n\n<li>Konfiguration der <strong>Datenverbindungen<\/strong><\/li>\n\n\n\n<li>Managebarer <strong>Email- und (S)FTP Pool<\/strong><\/li>\n\n\n\n<li><strong>Update<\/strong>f\u00e4hig via <strong>(S)FTP<\/strong> und <strong>LAN<\/strong><\/li>\n\n\n\n<li>Integrierte <strong>Backup <\/strong>L\u00f6sung, wenn gew\u00fcnscht auch t\u00e4glich oder w\u00f6chentlich automatisch <\/li>\n\n\n\n<li>Userspezifische <strong>Skin- und Layoutwahl<\/strong><\/li>\n\n\n\n<li><strong>Multi-User Applikation<\/strong> mit individuellen <strong>Benutzerrechten<\/strong><\/li>\n\n\n\n<li><strong>Security <\/strong>f\u00fcr jeden User: Wer darf welchen Men\u00fcpunkt \u00f6ffnen, bearbeiten oder nur lesen?<\/li>\n\n\n\n<li><strong>Multi-Projektf\u00e4hig<\/strong>: Es k\u00f6nnen mehrere Projekte mit einer Lizenz betrieben werden<\/li>\n\n\n\n<li><strong>Modulf\u00e4hig<\/strong>: z.B. das Modul <a href=\"http:\/\/brainproducts.org\/?page_id=514\">EDI Export<\/a> kann sp\u00e4ter gekauft werden, wenn es ben\u00f6tigt wird<\/li>\n\n\n\n<li>Eine <strong>Klassenbibliothek <\/strong>mit \u00fcber 1000 Routinen zur Verwendung im eigenen Code<br><\/li>\n<\/ul>\n\n\n\n<h3 class=\"wp-block-heading\"><strong>Das kann der <\/strong>B\u00fcromat Deluxe<strong> f\u00fcr Sie sein:<\/strong><\/h3>\n\n\n\n<ul>\n<li><strong>Erweiterung Ihres bisherigen ERP Systems<\/strong> (z.B. Microsoft Dynamics&nbsp;<strong>NAV<\/strong> oder andere <strong>SQL <\/strong>Server) um neue automatische Funktionen \u00fcber OLEDB oder native DB Schnittstellen<\/li>\n\n\n\n<li><strong>Frontend zur Darstellung<\/strong> oder Bearbeitung von Daten mit eigenen Formularen \/ Masken<\/li>\n\n\n\n<li>T\u00fcr zur <strong>Automatisierung <\/strong>Ihres gesamten Microsoft Office Pakets (Excel, Word, Powerpoint oder Outlook per Geisterhand bedienen &#8211; <strong>OLE Automation<\/strong> mit diversen Routinen in der mitgelieferten Klassenbibliothek)<\/li>\n<\/ul>\n\n\n\n<ul>\n<li>In Arbeit: Auf Basis von intelligenten Vorlagen neue passende Formulare entwickeln <br>                (f\u00fcr Access Entwickler)<\/li>\n\n\n\n<li>In Arbeit: Rechnungs- und Mahn System (f\u00fcr Kleinunternehmer) <\/li>\n\n\n\n<li>In Arbeit: Case System f\u00fcr die Organisation von Support Calls (f\u00fcr Unternehmen mit Support <br>                Abteilung)<\/li>\n<\/ul>\n\n\n\n<p>&nbsp;<\/p>\n\n\n\n<p><strong>Gerne arbeiten wir mit Partnern aus unserem Netzwerk oder <\/strong><br><strong>mit Ihrer hauseigenen EDV Abteilung als Team zusammen.<\/strong><\/p>\n\n\n\n<p>&nbsp;<\/p>\n\n\n\n<p>   <\/p>\n\n\n\n<p>   &nbsp;&nbsp;&nbsp;&nbsp;&nbsp;&nbsp;<\/p>\n\n\n\n<p>&nbsp;&nbsp;&nbsp;&nbsp;&nbsp;&nbsp;&nbsp;<\/p>\n\n\n\n<div class=\"wp-block-columns is-layout-flex wp-container-2 wp-block-columns-is-layout-flex\">\n<div class=\"wp-block-column is-layout-flow wp-block-column-is-layout-flow\" style=\"flex-basis:100%\">\n<p>  &nbsp;&nbsp;&nbsp;&nbsp;<\/p>\n<\/div>\n<\/div>\n\n\n\n<p><strong>Es ist uns wichtig Dienstleistungen abzugeben, mit denen Sie zufrieden sind. <br>Auf Wunsch gebe wir Ihnen gerne n\u00e4here Informationen \u00fcber <a href=\"https:\/\/brainproducts.org\/?page_id=69\">bereits realisierte Projekte<\/a>.<\/strong><\/p>\n\n\n\n<hr class=\"wp-block-separator has-alpha-channel-opacity\"\/>\n\n\n\n<p><a href=\"https:\/\/brainproducts.org\/?page_id=60\">Kontaktieren<\/a> Sie uns via E-Mail, wir beraten Sie gerne. ( <a title=\"Kontakt zu Brain Products \u00fcber die Webseite\" href=\"mailto:ORadel@BrainProducts.org\">ORadel@BrainProducts.org<\/a> )<\/p>\n\n\n<div class=\"wp-block-image\">\n<figure class=\"alignright size-full\"><img decoding=\"async\" loading=\"lazy\" width=\"218\" height=\"292\" src=\"http:\/\/brainproducts.org\/wp-content\/uploads\/Corp.jpg\" alt=\"\" class=\"wp-image-233\"\/><\/figure><\/div>\n\n\n<figure class=\"wp-block-image size-full is-resized\"><img decoding=\"async\" loading=\"lazy\" width=\"512\" height=\"512\" src=\"http:\/\/brainproducts.org\/wp-content\/uploads\/cropped-Bueromat-Deluxe-Logo-Entwicklung.png\" alt=\"\" class=\"wp-image-218\" style=\"aspect-ratio:1;width:80px;height:auto\" srcset=\"https:\/\/brainproducts.org\/wp-content\/uploads\/cropped-Bueromat-Deluxe-Logo-Entwicklung.png 512w, https:\/\/brainproducts.org\/wp-content\/uploads\/cropped-Bueromat-Deluxe-Logo-Entwicklung-120x120.png 120w, https:\/\/brainproducts.org\/wp-content\/uploads\/cropped-Bueromat-Deluxe-Logo-Entwicklung-270x270.png 270w, https:\/\/brainproducts.org\/wp-content\/uploads\/cropped-Bueromat-Deluxe-Logo-Entwicklung-192x192.png 192w, https:\/\/brainproducts.org\/wp-content\/uploads\/cropped-Bueromat-Deluxe-Logo-Entwicklung-180x180.png 180w, https:\/\/brainproducts.org\/wp-content\/uploads\/cropped-Bueromat-Deluxe-Logo-Entwicklung-32x32.png 32w\" sizes=\"(max-width: 512px) 100vw, 512px\" \/><\/figure>\n","protected":false},"excerpt":{"rendered":"<p>Kurze Erl\u00e4uterung zur unserer Automatisierungs Software &nbsp;&nbsp;&nbsp;&nbsp;&nbsp;&nbsp;&nbsp;&nbsp;&nbsp;&nbsp;&nbsp;&nbsp;&nbsp;&nbsp;&nbsp;&nbsp;&nbsp;&nbsp;&nbsp;&nbsp;&nbsp;&nbsp;&nbsp;&nbsp;&nbsp;&nbsp;&nbsp;&nbsp;&nbsp;&nbsp;&nbsp;&nbsp;&nbsp;&nbsp;&nbsp;&nbsp;&nbsp;&nbsp;&nbsp;&nbsp;&nbsp;&nbsp;&nbsp;&nbsp;&nbsp;&nbsp;&nbsp;&nbsp;&nbsp;&nbsp;&nbsp;&nbsp;&nbsp;&nbsp;&nbsp;&nbsp;&nbsp;&nbsp;&nbsp;&nbsp;&nbsp;&nbsp; * Der B\u00fcromat hilft bei der Automatisierung der B\u00fcro T\u00e4tigkeiten:&nbsp;&nbsp;&nbsp;&nbsp;&nbsp;&nbsp;* Export (Lieferscheine, Rechnungen, Artikellisten etc.)&nbsp;&nbsp;&nbsp;&nbsp;&nbsp;&nbsp;*&nbsp;Import (Bestellungen, Artikellisten, etc.)&nbsp;&nbsp;&nbsp;&nbsp;&nbsp;&nbsp;*&nbsp;Pr\u00fcfung von Daten und Email Report &nbsp;&nbsp;&nbsp;&nbsp;&nbsp;&nbsp;*&nbsp;Verschickung von Dateien, Tabellen&nbsp;* Der B\u00fcromat ist ein Open Source Projekt&nbsp;* Der B\u00fcromat kann Ihre bereits existierende pers\u00f6nliche &nbsp;&nbsp;&nbsp;&nbsp;Access Datenbank in neuem Profi-Gewand werden&nbsp;* Der B\u00fcromat kann eine Erweiterung Ihres&#8230;<br \/><a class=\"read-more-button\" href=\"https:\/\/brainproducts.org\/?page_id=370\">Mehr Lesen<\/a><\/p>\n","protected":false},"author":1,"featured_media":0,"parent":0,"menu_order":0,"comment_status":"closed","ping_status":"closed","template":"template-full-width.php","meta":{"footnotes":""},"_links":{"self":[{"href":"https:\/\/brainproducts.org\/index.php?rest_route=\/wp\/v2\/pages\/370"}],"collection":[{"href":"https:\/\/brainproducts.org\/index.php?rest_route=\/wp\/v2\/pages"}],"about":[{"href":"https:\/\/brainproducts.org\/index.php?rest_route=\/wp\/v2\/types\/page"}],"author":[{"embeddable":true,"href":"https:\/\/brainproducts.org\/index.php?rest_route=\/wp\/v2\/users\/1"}],"replies":[{"embeddable":true,"href":"https:\/\/brainproducts.org\/index.php?rest_route=%2Fwp%2Fv2%2Fcomments&post=370"}],"version-history":[{"count":54,"href":"https:\/\/brainproducts.org\/index.php?rest_route=\/wp\/v2\/pages\/370\/revisions"}],"predecessor-version":[{"id":945,"href":"https:\/\/brainproducts.org\/index.php?rest_route=\/wp\/v2\/pages\/370\/revisions\/945"}],"wp:attachment":[{"href":"https:\/\/brainproducts.org\/index.php?rest_route=%2Fwp%2Fv2%2Fmedia&parent=370"}],"curies":[{"name":"wp","href":"https:\/\/api.w.org\/{rel}","templated":true}]}}